{"id":29,"date":"2015-05-03T16:23:49","date_gmt":"2015-05-03T16:23:49","guid":{"rendered":"http:\/\/zenseotherm.de\/?page_id=29"},"modified":"2024-12-06T06:09:34","modified_gmt":"2024-12-06T06:09:34","slug":"profil","status":"publish","type":"page","link":"http:\/\/zenseotherm.de\/?page_id=29","title":{"rendered":"Profil"},"content":{"rendered":"<p>ZENSEO<strong>THERM <\/strong>GmbH i.L. wurde 2015 von Peter Schleevoigt gegr\u00fcndet. Als gestandener Fachmann der Heizungs-, L\u00fcftungs- und Sanit\u00e4rtechnik verf\u00fcgt er inzwischen \u00fcber 55 Jahre Berufserfahrung, davon 20 Jahre als leitender Angestellter und Gesch\u00e4ftsf\u00fchrer eines ausf\u00fchrenden Unternehmens mit mehr als 100 Mitarbeitern.<\/p>\n<p>In den letzten 25 Jahren war er als selbst\u00e4ndiger Fachplaner TGA bundesweit erfolgreich und dar\u00fcber hinaus 9 Jahre als nebenamtliches Vorstandsmitglied einer Wohnungsgenossenschaft t\u00e4tig.\u00a0Peter Schleevoigt verf\u00fcgt \u00fcber 40 Jahre Erfahrung in der Anwendung regenerativer Energiesysteme.<\/p>\n<div id=\"attachment_63\" style=\"width: 370px\" class=\"wp-caption alignnone\"><a href=\"http:\/\/zenseotherm.de\/wp-content\/uploads\/2015\/05\/Peter-Schleevoigt.jpg\"><img loading=\"lazy\" decoding=\"async\" aria-describedby=\"caption-attachment-63\" class=\"size-full wp-image-63\" src=\"http:\/\/zenseotherm.de\/wp-content\/uploads\/2015\/05\/Peter-Schleevoigt.jpg\" alt=\"Peter Schleevoigt  Gesch\u00e4ftsf\u00fchrer\" width=\"360\" height=\"440\" srcset=\"http:\/\/zenseotherm.de\/wp-content\/uploads\/2015\/05\/Peter-Schleevoigt.jpg 360w, http:\/\/zenseotherm.de\/wp-content\/uploads\/2015\/05\/Peter-Schleevoigt-245x300.jpg 245w\" sizes=\"auto, (max-width: 360px) 100vw, 360px\" \/><\/a><p id=\"caption-attachment-63\" class=\"wp-caption-text\">Peter Schleevoigt<br \/>Gesch\u00e4ftsf\u00fchrer<\/p><\/div>\n","protected":false},"excerpt":{"rendered":"<p>ZENSEOTHERM GmbH i.L. wurde 2015 von Peter Schleevoigt gegr\u00fcndet. Als gestandener Fachmann der Heizungs-, L\u00fcftungs- und Sanit\u00e4rtechnik verf\u00fcgt er inzwischen \u00fcber 55 Jahre Berufserfahrung, davon 20 Jahre als leitender Angestellter und Gesch\u00e4ftsf\u00fchrer eines ausf\u00fchrenden Unternehmens mit mehr als 100 Mitarbeitern. In den letzten 25 Jahren war er als selbst\u00e4ndiger Fachplaner TGA bundesweit erfolgreich und dar\u00fcber&#8230;<\/p>\n","protected":false},"author":1,"featured_media":0,"parent":0,"menu_order":1,"comment_status":"closed","ping_status":"open","template":"","meta":{"footnotes":""},"class_list":["post-29","page","type-page","status-publish","hentry"],"_links":{"self":[{"href":"http:\/\/zenseotherm.de\/index.php?rest_route=\/wp\/v2\/pages\/29","targetHints":{"allow":["GET"]}}],"collection":[{"href":"http:\/\/zenseotherm.de\/index.php?rest_route=\/wp\/v2\/pages"}],"about":[{"href":"http:\/\/zenseotherm.de\/index.php?rest_route=\/wp\/v2\/types\/page"}],"author":[{"embeddable":true,"href":"http:\/\/zenseotherm.de\/index.php?rest_route=\/wp\/v2\/users\/1"}],"replies":[{"embeddable":true,"href":"http:\/\/zenseotherm.de\/index.php?rest_route=%2Fwp%2Fv2%2Fcomments&post=29"}],"version-history":[{"count":29,"href":"http:\/\/zenseotherm.de\/index.php?rest_route=\/wp\/v2\/pages\/29\/revisions"}],"predecessor-version":[{"id":166,"href":"http:\/\/zenseotherm.de\/index.php?rest_route=\/wp\/v2\/pages\/29\/revisions\/166"}],"wp:attachment":[{"href":"http:\/\/zenseotherm.de\/index.php?rest_route=%2Fwp%2Fv2%2Fmedia&parent=29"}],"curies":[{"name":"wp","href":"https:\/\/api.w.org\/{rel}","templated":true}]}}