{"id":36,"date":"2015-05-03T16:31:18","date_gmt":"2015-05-03T16:31:18","guid":{"rendered":"http:\/\/zenseotherm.de\/?page_id=36"},"modified":"2015-05-12T07:53:30","modified_gmt":"2015-05-12T07:53:30","slug":"anlagenmonitoring","status":"publish","type":"page","link":"http:\/\/zenseotherm.de\/?page_id=36","title":{"rendered":"Anlagenmonitoring"},"content":{"rendered":"<h3><a href=\"http:\/\/zenseotherm.de\/wp-content\/uploads\/2015\/05\/Monitoring_01.jpg\"><img loading=\"lazy\" decoding=\"async\" class=\"alignnone size-full wp-image-119\" src=\"http:\/\/zenseotherm.de\/wp-content\/uploads\/2015\/05\/Monitoring_01.jpg\" alt=\"Monitoring_01\" width=\"946\" height=\"367\" srcset=\"http:\/\/zenseotherm.de\/wp-content\/uploads\/2015\/05\/Monitoring_01.jpg 946w, http:\/\/zenseotherm.de\/wp-content\/uploads\/2015\/05\/Monitoring_01-300x116.jpg 300w, http:\/\/zenseotherm.de\/wp-content\/uploads\/2015\/05\/Monitoring_01-760x295.jpg 760w\" sizes=\"auto, (max-width: 946px) 100vw, 946px\" \/><\/a><\/h3>\n<h3>ANLAGENMONITORING<\/h3>\n<p>Monitoring ist das \u201eEKG der Heizungsanlage\u201c.\u00a0Jegliche Betriebszust\u00e4nde und alle Verbr\u00e4uche werden im Abstand von wenigen Sekunden erfasst und protokolliert. Die so entstehenden Tabellen und Kurven geben detaillierte und l\u00fcckenlose Auskunft \u00fcber den Zustand und die Betriebsergebnisse ihrer Anlage. St\u00f6rungen oder ungew\u00f6hnliche Ereignisse werden umgehend per Mail oder SMS an die zust\u00e4ndigen Leute mitgeteilt. Dabei treten nat\u00fcrlich auch jegliche Fehler in der Anlage ans Tageslicht.<\/p>\n","protected":false},"excerpt":{"rendered":"<p>ANLAGENMONITORING Monitoring ist das \u201eEKG der Heizungsanlage\u201c.\u00a0Jegliche Betriebszust\u00e4nde und alle Verbr\u00e4uche werden im Abstand von wenigen Sekunden erfasst und protokolliert. Die so entstehenden Tabellen und Kurven geben detaillierte und l\u00fcckenlose Auskunft \u00fcber den Zustand und die Betriebsergebnisse ihrer Anlage. St\u00f6rungen oder ungew\u00f6hnliche Ereignisse werden umgehend per Mail oder SMS an die zust\u00e4ndigen Leute mitgeteilt. Dabei&#8230;<\/p>\n","protected":false},"author":1,"featured_media":0,"parent":0,"menu_order":0,"comment_status":"closed","ping_status":"open","template":"template-full-width.php","meta":{"footnotes":""},"class_list":["post-36","page","type-page","status-publish","hentry"],"_links":{"self":[{"href":"http:\/\/zenseotherm.de\/index.php?rest_route=\/wp\/v2\/pages\/36","targetHints":{"allow":["GET"]}}],"collection":[{"href":"http:\/\/zenseotherm.de\/index.php?rest_route=\/wp\/v2\/pages"}],"about":[{"href":"http:\/\/zenseotherm.de\/index.php?rest_route=\/wp\/v2\/types\/page"}],"author":[{"embeddable":true,"href":"http:\/\/zenseotherm.de\/index.php?rest_route=\/wp\/v2\/users\/1"}],"replies":[{"embeddable":true,"href":"http:\/\/zenseotherm.de\/index.php?rest_route=%2Fwp%2Fv2%2Fcomments&post=36"}],"version-history":[{"count":3,"href":"http:\/\/zenseotherm.de\/index.php?rest_route=\/wp\/v2\/pages\/36\/revisions"}],"predecessor-version":[{"id":120,"href":"http:\/\/zenseotherm.de\/index.php?rest_route=\/wp\/v2\/pages\/36\/revisions\/120"}],"wp:attachment":[{"href":"http:\/\/zenseotherm.de\/index.php?rest_route=%2Fwp%2Fv2%2Fmedia&parent=36"}],"curies":[{"name":"wp","href":"https:\/\/api.w.org\/{rel}","templated":true}]}}