{"id":40,"date":"2015-05-03T16:33:58","date_gmt":"2015-05-03T16:33:58","guid":{"rendered":"http:\/\/zenseotherm.de\/?page_id=40"},"modified":"2015-05-31T20:06:13","modified_gmt":"2015-05-31T20:06:13","slug":"systemoptimierung","status":"publish","type":"page","link":"http:\/\/zenseotherm.de\/?page_id=40","title":{"rendered":"Systemoptimierung"},"content":{"rendered":"<h3><a href=\"http:\/\/zenseotherm.de\/wp-content\/uploads\/2015\/05\/150531_Leistungen.jpg\"><img loading=\"lazy\" decoding=\"async\" class=\"alignnone size-full wp-image-130\" src=\"http:\/\/zenseotherm.de\/wp-content\/uploads\/2015\/05\/150531_Leistungen.jpg\" alt=\"150531_Leistungen\" width=\"947\" height=\"353\" srcset=\"http:\/\/zenseotherm.de\/wp-content\/uploads\/2015\/05\/150531_Leistungen.jpg 947w, http:\/\/zenseotherm.de\/wp-content\/uploads\/2015\/05\/150531_Leistungen-300x112.jpg 300w, http:\/\/zenseotherm.de\/wp-content\/uploads\/2015\/05\/150531_Leistungen-760x283.jpg 760w\" sizes=\"auto, (max-width: 947px) 100vw, 947px\" \/><\/a><\/h3>\n<h3>SYSTEMOPTIMIERUNG<\/h3>\n<p>Systemanalyse und Monitoring bringen Erkenntnisse, die h\u00e4ufig mit wenig Aufwand die Grundlage zu einer nachhaltigen\u00a0 Verbesserung der Anlageneffizienz sein k\u00f6nnen. Ich sage Ihnen was zu tun ist und \u00fcberwache die Durchf\u00fchrung der Ma\u00dfnahmen.<\/p>\n","protected":false},"excerpt":{"rendered":"<p>SYSTEMOPTIMIERUNG Systemanalyse und Monitoring bringen Erkenntnisse, die h\u00e4ufig mit wenig Aufwand die Grundlage zu einer nachhaltigen\u00a0 Verbesserung der Anlageneffizienz sein k\u00f6nnen. Ich sage Ihnen was zu tun ist und \u00fcberwache die Durchf\u00fchrung der Ma\u00dfnahmen.<\/p>\n","protected":false},"author":1,"featured_media":0,"parent":0,"menu_order":0,"comment_status":"closed","ping_status":"open","template":"template-full-width.php","meta":{"footnotes":""},"class_list":["post-40","page","type-page","status-publish","hentry"],"_links":{"self":[{"href":"http:\/\/zenseotherm.de\/index.php?rest_route=\/wp\/v2\/pages\/40","targetHints":{"allow":["GET"]}}],"collection":[{"href":"http:\/\/zenseotherm.de\/index.php?rest_route=\/wp\/v2\/pages"}],"about":[{"href":"http:\/\/zenseotherm.de\/index.php?rest_route=\/wp\/v2\/types\/page"}],"author":[{"embeddable":true,"href":"http:\/\/zenseotherm.de\/index.php?rest_route=\/wp\/v2\/users\/1"}],"replies":[{"embeddable":true,"href":"http:\/\/zenseotherm.de\/index.php?rest_route=%2Fwp%2Fv2%2Fcomments&post=40"}],"version-history":[{"count":3,"href":"http:\/\/zenseotherm.de\/index.php?rest_route=\/wp\/v2\/pages\/40\/revisions"}],"predecessor-version":[{"id":142,"href":"http:\/\/zenseotherm.de\/index.php?rest_route=\/wp\/v2\/pages\/40\/revisions\/142"}],"wp:attachment":[{"href":"http:\/\/zenseotherm.de\/index.php?rest_route=%2Fwp%2Fv2%2Fmedia&parent=40"}],"curies":[{"name":"wp","href":"https:\/\/api.w.org\/{rel}","templated":true}]}}